 + 2*a. Suppose -12 = -g - 4*v, -3*g + 8*g = 4*v + 108. What is the highest common divisor of t and g?
5
Suppose 2*t + 5*u - 337 = 4*u, -4*t + 704 = -4*u. Let f be (1/(-3))/1 - (-2793)/t. Calculate the greatest common factor of 272 and f.
16
Let n(l) = -6*l**2 + 133*l + 523. Let h be n(24). Let r(q) = -q**3 - q**2 + 2*q - 3. Let k be r(-4). What is the highest common factor of k and h?
37
Suppose 94 - 37 = 3*v + 3*s, 2*v - 40 = -s. Suppose -16 = v*h - 25*h. What is the highest common divisor of h and 4?
4
Let o(w) = -3 + 2 + w**3 + 7*w - 174*w**2 + 340*w**2 - 169*w**2. Let x be o(3). What is the highest common factor of x and 20?
20
Let z(r) = r**3 + 15*r**2 - 20*r - 37. Let t be z(-16). Suppose -42*j = -t*j - 3780. Calculate the greatest common divisor of j and 21.
21
Let b be 1755/18*((-80)/3)/(-2). Calculate the highest common divisor of b and 250.
50
Let c = 77 - 63. Let q = c + -14. Suppose 3*d = 2*s + 53, 4*d + 5*s - 86 = -q*d. Calculate the highest common factor of d and 57.
19
Suppose 5*r = -2856 + 2936. Let m = -10 + 378. Calculate the greatest common divisor of r and m.
16
Let k(s) = -s**3 + 4*s**2 + 55*s - 8. Let i be k(-9). Let l be ((-14)/10)/((-22)/i). What is the highest common factor of l and 45?
5
Suppose 4*k - 7572 = -2*k. Let x = k + -878. Calculate the greatest common factor of x and 24.
24
Let z be (7 + (-4 - (-117)/(-15)))/(6/(-225)). What is the greatest common divisor of 36 and z?
36
Let i(b) be the third derivative of -b**6/120 - b**5/12 - b**4/6 + 2*b**3 - 60*b**2. Let z be i(-6). What is the greatest common factor of 16 and z?
8
Let i be -2 - 3*4/12*1. Let v be (66/55)/(i/(-40)). What is the greatest common factor of v and 72?
8
Let c(v) = v + 15*v - 3*v + 4*v**2 - 7*v. Let s be c(-4). Calculate the greatest common divisor of s and 30.
10
Suppose 0 = 423*h + 248*h + 55*h - 2904. Let k = 1 - -1. Suppose -32 = -6*b + k*b. What is the greatest common factor of b and h?
4
Let b = 3777 - 3150. What is the highest common factor of b and 171?
57
Let n = -68 + 70. Let j be (0/(-13))/(n + 0) + 25. Let h = j + 15. Calculate the greatest common divisor of 360 and h.
40
Suppose -2*d + 14*l = 9*l - 779, -1518 = -4*d + 2*l. What is the highest common factor of d and 464?
29
Suppose 36 = -0*k - k - 5*l, -4*k + l - 60 = 0. Let t = k + 22. Suppose 6*d = 2*d + 96. Calculate the greatest common divisor of d and t.
6
Let i = -892 - -429. Let n = -435 - i. Calculate the greatest common divisor of n and 36.
4
Let d be 4/(-4)*-4 - -1. Suppose -d*s - 408 = 87. Let g = s + 101. Calculate the highest common divisor of g and 4.
2
Let z = 697 + -1173. Let y = 487 + z. Calculate the highest common divisor of 187 and y.
11
Suppose -2*p - 2*u - 3*u + 69 = 0, -u = p - 27. Suppose 0 = p*n - 25*n + 60. Suppose -5*m = 297 - 997. Calculate the highest common divisor of n and m.
20
Let p = -28607 - -28739. Suppose 0 = -4*n - 61 + 193. Calculate the greatest common factor of p and n.
33
Let k = -5938 + 11719. Calculate the highest common divisor of 47 and k.
47
Suppose 0 = 3*h - t - 82, 0*h - 108 = -4*h + 2*t. Suppose 11*y - h*y + 1836 = 0. Calculate the highest common divisor of y and 198.
18
Let n = 8796 - 8736. Calculate the highest common factor of n and 864.
12
Let w(s) = -s**3 + 11*s**2 + 3*s - 21. Let i be w(11). Calculate the greatest common factor of 2364 and i.
12
Let g(b) = -14*b**3 - 58*b**2 - 109*b + 7. Let l be g(-2). What is the greatest common factor of l and 1113?
21
Suppose -365*o = -305*o - 231120. Calculate the highest common divisor of o and 36.
36
Suppose -d - 50 = 4*r, -r - 4 = -2*r. Let a = 92 + d. Suppose -4*x = -2*h + 4, 0 = 5*h - h - 2*x - a. Calculate the highest common factor of 2 and h.
2
Let h be 260*(-4)/(-10) + -13. Calculate the highest common factor of h and 5733.
91
Let q be (624/260)/((-2)/(-1425)). Suppose 2*n - q = -7*n. Calculate the greatest common divisor of 38 and n.
38
Suppose -g + 0 = -7. Suppose q - 3*t = -g*t + 127, 4*q = 4*t + 468. Suppose -20*w = -657 + 317. What is the greatest common divisor of w and q?
17
Suppose 0 = -4*x + 2*a + 20538, -6*x + a = -31532 + 719. What is the greatest common factor of x and 48?
48
Suppose -15 + 51 = 9*n. Suppose -5*a + 6*a - 3*v = 24, -31 = -n*a - v. Calculate the highest common divisor of 33 and a.
3
Let x be (14*(-42)/(-980))/(1/175). What is the greatest common divisor of x and 462?
21
Let d = -14 - -18. Let l be (-6 - (2700/(-16) + -5))*d. What is the greatest common divisor of 11 and l?
11
Suppose -229 = -4*t + c + 88, -82 = -t + 3*c. Suppose z + 2*q = 3*q + t, -219 = -3*z - 3*q. What is the highest common divisor of 4 and z?
4
Suppose 927*r - 1350 = 925*r. Calculate the highest common divisor of r and 1080.
135
Let p be (-2)/(-4)*(6 + -6). Suppose p = -r + 3. Suppose 75 = r*a - 5*b, -4*b + 8 = 20. Calculate the highest common factor of a and 50.
10
Let p(c) = c**3 - 14*c**2 - 11*c - 51. Let v = 105 - 90. Let h be p(v). Calculate the greatest common divisor of h and 81.
9
Let d = -55 + 221. Let s be d/10 - (-2)/5. Calculate the greatest common factor of s and 102.
17
Let a be (-3114)/(-63) - 4/(-7). Let z(q) = -62*q + 106. Let g be z(-12). Calculate the highest common factor of a and g.
50
Let x(b) = 36*b - 1 - 6 - 49*b - 21. Let c be x(-13). Suppose k - c = -2*k + 3*q, -k + 55 = -5*q. What is the highest common factor of k and 27?
9
Let j = -141 - -143. Suppose -5*d + 70 = 5*b, d - 30 = -j*d + b. What is the highest common divisor of 11 and d?
11
Let t(y) = -10*y**3 + y**2 + y - 6. Let p be t(2). Let a = -68 - p. Suppose a*o - 168 = 9*o. Calculate the greatest common divisor of o and 7.
7
Let t(b) = -29*b - 3. Let a be t(-3). Suppose -15*p + 18673 - 907 = 126*p. What is the greatest common divisor of p and a?
42
Suppose -156*f = -174*f. Suppose 481*h - 478*h - 105 = f. Calculate the greatest common divisor of 70 and h.
35
Let d be ((-224)/(-12))/(2/42). Let c = -327 + d. Calculate the highest common factor of 221 and c.
13
Let w(v) = -v**3 + 8*v**2 - 7*v + 2. Let u be w(7). Let b be 55 + (50/(-5))/10. Calculate the highest common divisor of b and u.
2
Let n = -278 + 518. Let l = -7132 + 7140. What is the highest common factor of l and n?
8
Suppose 28*j - 127*j + 70*j = -1450. Let p = 23 + 17. What is the highest common factor of j and p?
10
Let o(f) = 4*f**2 + 13*f + 4. Let y be o(-6). Let r = -40 + y. Suppose g = 3*n + r, 0 = 2*g - 2*n + 4*n - 44. Calculate the highest common divisor of g and 60.
12
Suppose -4*v + 47*q = 45*q - 26, -2*v = 4*q - 28. Let g(x) = -2*x + 10. Let n be g(-9). What is the highest common divisor of v and n?
4
Let j(u) = -4*u**2 - 60*u - 178. Let l be j(-9). Calculate the highest common factor of 29222 and l.
38
Let v(b) = 0 + b**2 - 15 - 9*b + 3*b**2 + b**3 + 1. Let l be v(-5). Suppose l*q = -q + 840. Calculate the greatest common factor of q and 24.
24
Let c = 137 + 408. Suppose -5*m + 677 = 2*a, -4*m - a - 4*a = -c. What is the highest common divisor of m and 15?
15
Let s be 1*4*(4 - 3). Suppose -s*x + 10 = x. Suppose -5 = -u + x. What is the greatest common divisor of u and 14?
7
Let w = 33 - 27. Let q be (387/(-12))/(w/(-32)). Suppose -t + 152 = -2*b, 0 = t - b + 4*b - q. Calculate the highest common factor of 20 and t.
20
Let x(k) = -k**3 - 19*k**2 - 26*k - 136. Let z be x(-24). Suppose 10*v = z - 1288. Calculate the greatest common divisor of v and 26.
26
Suppose -6*d + 6386 = -d - 3*y, -3*d + 3*y = -3834. Suppose d = -u + 5*u. Calculate the greatest common factor of u and 29.
29
Let a(g) = -g**3 - 26*g**2 - 37*g + 17. Let m be a(-27). Suppose -38*f = -12765 + m. What is the greatest common factor of f and 20?
10
Let l(u) = u**2 - 2*u**2 - 9 - 3*u**2 - 15*u + 52 + 3*u**2. Let f be l(-17). Calculate the highest common factor of 96 and f.
3
Let z(g) = -295*g + 15106. Let w be z(46). What is the greatest common factor of w and 24?
24
Suppose 2*p + 829 = 5*l, -l - 4*p + 70 + 87 = 0. Suppose -41*q - 4629 + 27069 = 10*q. Calculate the highest common divisor of q and l.
55
Let g(r) = -13*r. Let o be g(-2). Suppose -k = -5*k + 8. Suppose s - 20 = 3*w, 0*s - 30 = -s - k*w. Calculate the highest common divisor of o and s.
26
Let i = -138 - -413. Suppose 35*v - 735 = 113*v - 2685. Calculate the highest common divisor of v and i.
25
Let x = -